2*m + 3, -p*m + 10 = 5*f. What is the remainder when f is divided by (-9)/(-6) - 1/(-2)?
0
Let f = 6 - 9. Let m = 4 - f. What is the remainder when 12 is divided by m?
5
Let k(x) = x**3 - 14*x**2 + 6*x - 3. What is the remainder when k(14) is divided by 28?
25
Suppose -4*v = 12, -2*r = -2*v - v - 33. Suppose 4*f - 2*f = 3*i - 175, 0 = -4*f + 2*i - 346. Let c = -51 - f. Calculate the remainder when c is divided by r.
11
Suppose 48 = r - 3*r. Let v = -10 - r. Calculate the remainder when v is divided by 5.
4
Let r be (2/(-5))/((-2)/320). Let j = r + -45. Calculate the remainder when j is divided by 7.
5
Suppose 0*i + 2*i - 38 = 0. What is the remainder when 55 is divided by i?
17
Calculate the remainder when (153/(-6))/(1/(-2)) is divided by 14 - (2 - 1/1).
12
Calculate the remainder when ((-36)/10)/(4/(-30)) is divided by 14.
13
Let u(g) = -6*g - 4. Let d be u(-5). Let n = d + -8. Calculate the remainder when 34 is divided by n.
16
Suppose 5*m = -25, 4*j = -2*m + 3*m + 13. What is the remainder when 25 is divided by 9 - (j + -2)/3?
7
Let w(q) = q**2 + 2*q - 3. Let b(t) = -16*t. Let u be b(-1). Suppose 0*h = 2*h - u. Calculate the remainder when h is divided by w(-4).
3
Suppose -3*n + 69 = 3*q, -6 = -q - 3. Calculate the remainder when 76 is divided by n.
16
Let p = -2 - -9. Calculate the remainder when p is divided by -2*3/(-2 + -1).
1
Let j(u) = 2*u. Let i be j(1). What is the remainder when ((-7)/i + 1)*-14 is divided by 4/18*-3*-18?
11
Let v = 56 - 21. Let t(g) = -g**3 + 4*g**2 + 2*g - 3. Suppose -2 - 1 = -q. Calculate the remainder when v is divided by t(q).
11
Suppose 73 - 1 = 4*y. Calculate the remainder when 8/(-80) - 1593/(-30) is divided by y.
17
Let o = -50 + 92. Calculate the remainder when o is divided by 15.
12
Let r = 131 - 30. Let f(v) = v**3 + 6*v**2 - 16*v + 26. What is the remainder when r is divided by f(-8)?
23
Suppose -6*c + 11*c - 130 = 0. What is the remainder when c is divided by 10?
6
Calculate the remainder when (-1 + (-58)/(-6))*3 is divided by 132/10 - 12/(-15).
12
Let r = -6 - -11. Suppose 0*i + r*i - 20 = 0. Suppose -w + 18 = 4*s, s = -w + 11 + i. What is the remainder when 41 is divided by w?
13
Let d(r) = -7*r - 10. What is the remainder when d(-12) is divided by 19?
17
Suppose 12 = u - 30. What is the remainder when u is divided by 9?
6
Let j = 2 - -22. Calculate the remainder when 94 is divided by j.
22
Let g(d) = d**3 - 3*d**2 - 4*d + 3. Let a be g(4). Suppose n + 3*k = 9, -2*n - 3*k = a*n - 33. Calculate the remainder when 22 is divided by n.
4
Let u = -74 - -86. Calculate the remainder when 59 is divided by u.
11
Let t be (-9)/21 + 404/28. Suppose y + 4*s - t = 6*s, 0 = 3*y + 3*s - 60. Calculate the remainder when 35 is divided by y.
17
Let y = -3 - -2. Let p = -27 - -39. Calculate the remainder when (-2)/y + (-33)/(-1) is divided by p.
11
Let g(x) = x**3 + 4*x**2 - 3. Let b be g(-3). Suppose -4*t = j - 5*t - b, 4*t - 11 = -j. What is the remainder when 25 is divided by j?
4
Suppose -3*j = -j - 56. Let a(p) = 10*p - 10. Let t be a(7). Suppose 7*d = 3*d + t. Calculate the remainder when j is divided by d.
13
Let w = 7 + -5. Suppose w = x - 0. What is the remainder when x is divided by 1?
0
Let b(n) = n**2 - 2*n - 5. What is the remainder when b(-8) is divided by 16?
11
Let k = 48 + -20. Calculate the remainder when 54 is divided by k.
26
Let l(h) = h. Suppose 0 = 5*q - 2 - 3. Let b = 9 + -8. Calculate the remainder when b is divided by l(q).
0
Suppose -5*s + 152 = -3*y, -y - 1 + 2 = 0. What is the remainder when s is divided by 4?
3
What is the remainder when ((-8)/32)/((-3)/1140) is divided by 16?
15
Let b = 7 - 0. Suppose 2*v + v = 75. What is the remainder when v is divided by b?
4
Suppose 8 = -0*g + 2*g. Suppose g = -3*u + 4*u. Calculate the remainder when 11 is divided by u.
3
Let f be 4/(1 + 0 + 1). Suppose 2 = 2*o - f. What is the remainder when 6 is divided by o?
0
Suppose 3*g + 0*g = -63. Let r = -11 - g. Calculate the remainder when 17 is divided by r.
7
Let a(f) = -9*f. Let q be a(1). Let m(u) = 2*u**2 + 14*u + 12. Calculate the remainder when m(q) is divided by 25.
23
Suppose -3*a + 2 = -2*a. Suppose -4*n - 74 = -7*n - 4*q, -5*n + a*q = -132. Let h = -31 + 45. What is the remainder when n is divided by h?
12
Suppose 2*p - 20 = -2*p. Suppose -2*k = -p*k + 15. Let z(v) = -v**2 + 8*v - 1. What is the remainder when z(5) is divided by k?
4
Suppose 0 = -7*s - 68 + 383. What is the remainder when s is divided by 12?
9
Let v(s) = s**3 + 6*s**2 - s + 8. Let b be v(-6). Suppose 0 = -7*d + 2*d + 130. Let w = d - b. What is the remainder when 35 is divided by w?
11
Suppose -136 = -64*h + 62*h. What is the remainder when h is divided by 35?
33
Let g = 193 - 120. What is the remainder when g is divided by 25?
23
Let b = -17 + -8. Let o = b - -42. Let j = -13 - -46. What is the remainder when j is divided by o?
16
Let g(p) = p - 9 + p + 0*p. Let y be g(6). What is the remainder when 13 is divided by (y/9)/(2/30)?
3
Suppose 3*v - 3 - 9 = 0. Suppose v*u = 22 + 14. Let r(h) = -h**3 - 7*h**2 + 5*h + 11. Calculate the remainder when r(-8) is divided by u.
8
Suppose -a - 4*a + v + 129 = 0, v = a - 25. Suppose -2*r + 28 = 2*r. What is the remainder when a is divided by r?
5
Suppose -5*f - 43 = -4*d - 15, -2*f - 2 = 3*d. What is the remainder when d/7 + 3888/63 is divided by 16?
14
Let l be (1/(-3))/(3/(-9)). Let f be l - (-3 + (3 - 2)). Suppose 3*s + s - 33 = o, -s + f*o = 0. Calculate the remainder when 26 is divided by s.
8
Suppose -5*x + 62 = 3*z, -5*z + x + 69 + 81 = 0. Calculate the remainder when 55 is divided by z.
26
Suppose 73 + 68 = 3*c. Calculate the remainder when c is divided by 12.
11
Let l be (8/(-10))/(6/(-45)). Suppose -26 + l = -2*t. Let g = 4 - 0. Calculate the remainder when t is divided by g.
2
Suppose 5*r + 5*x = 170, -5*r + 70 + 70 = -5*x. What is the remainder when r is divided by 2 - (16/(-1) - -2)?
15
Let c(h) = h**2 + 4*h + 1. Calculate the remainder when 22 is divided by c(-5).
4
Let j = 1 + -2. Let h(v) = 61*v**3 - v**2 - v - 1. Let m be h(j). Calculate the remainder when m*1*3/(-6) is divided by 16.
15
Let x(z) be the second derivative of 5*z**3/6 - 2*z**2 - 2*z. What is the remainder when 31 is divided by x(3)?
9
Let h(i) = 2*i - 10. What is the remainder when 7 is divided by h(8)?
1
Let b = 13 + 11. Suppose 3*u - 2*u - b = 0. What is the remainder when 71 is divided by u?
23
Let o(h) = -h**3 + 10*h**2 - 11*h - 3. Let i be o(9). Let u = 29 + i. Calculate the remainder when 23 is divided by u.
7
Let b(p) = -12*p**3 - 3*p - 2. Let x be b(-1). Suppose 2*c + 5*m = -x, 5*m + 21 = c + 2*m. What is the remainder when c is divided by 2?
0
Let w(c) = -c**2 + 13*c - 15. What is the remainder when 57 is divided by w(10)?
12
Let q(p) = -p**3 + 20*p**2 - 12*p - 47. What is the remainder when q(19) is divided by 30?
26
Let r = -125 + 132. Suppose 0 = -2*l + 2*g + 40, 2*l - g = -3*g + 32. Calculate the remainder when l is divided by r.
4
Suppose -6 = -3*k + 2*d - 0, 4*d = 12. Suppose -f + k*f - 30 = 0. Calculate the remainder when f is divided by 80/14 - 4/(-14).
4
Suppose 3*n + 0*h = -h + 18, n + 3*h - 14 = 0. Suppose 0 = 3*o - 4*c - 92, 8 = -3*c + n*c. What is the remainder when o is divided by 13?
10
Suppose 0*f + 2*f = 0. What is the remainder when 3/3*3 + f is divided by 3?
0
Suppose 2*l - 9 = -l. Suppose 2*c - 2*v = c + 11, -6 = l*v. What is the remainder when c is divided by 192/88 - (-4)/(-22)?
1
Suppose -5*s + 67 = -3*r, 0*s - 17 = -s - 3*r. What is the remainder when 69 is divided by s?
13
Suppose p = 5*i - 112, 6*p = p + 15. Calculate the remainder when i is divided by 5.
3
Suppose -5*k = -0*k - 40. Let o = k - -5. Suppose 2*v - 2*d = 90, 0 = -5*v - 3*d + d + 253. Calculate the remainder when v is divided by o.
10
Let q(h) = h**2 - h + 1. What is the remainder when 18 is divided by q(3)?
4
Let d = -10 - -16. Suppose 7 = g - d. Suppose l = 4*r - 33, -r - l + 3 - 1 = 0. What is the remainder when g is divided by r?
6
Suppose 4*w - 3*w - 27 = -4*x, -2*x + 3*w + 31 = 0. Suppose 3*f = a + 167, 2*f - 48 - 58 = 2*a. Let u = -35 + f. Calculate the remainder when u is divided by x.
6
Calculate the remainder when 1 - 3 - 9*-2 is divided by 6.
4
Let f(l) be the third derivative of 9*l**5/20 + l**4